9 - -5))
-5
Evaluate 1 + -2 + -18 + 23 + -18.
-14
What is -18 + 4 + 16 + -9 + (1 - -7)?
1
What is 1 - -17 - (11 + 22 + -9)?
-6
-5 + 25 - 13 - ((-1 - -21) + 2)
-15
Evaluate -7 + -5 + (5 - (9 - 9) - -5).
-2
What is the value of -16 - (378 - 393 - (-1 + -8))?
-10
What is the value of (-19 - (2 - 3)) + 15?
-3
Calculate -709 - -688 - (-36 + 1).
14
What is 71 + -39 + -13 - 21?
-2
What is -1 - -4 - ((-18 - -24) + -11 + -1)?
9
Calculate (2 - (9 - 4)) + -19 + 17.
-5
Evaluate -9 + 9 + (-4 - (7 - 3 - 3)).
-5
Evaluate (-3 - -18 - 4) + (8 - 12) + -1.
6
Calculate (-1 - -11) + (-29 - -35) + -15.
1
What is the value of 7 - 1 - ((7 - 1 - 11) + 6)?
5
Evaluate -11 + -59 + 103 + (-1 - 12).
20
Calculate -6 + (-3 - (-7 + -5) - -1).
4
Calculate 14 - (22 - (-10 + 33)).
15
What is 15 + -50 + (34 - 16)?
-17
Evaluate 51 + 19 - 27 - 22.
21
What is (-46 - -46 - (0 + -4)) + -9 + -4?
-9
What is the value of (-1 + -1 - (4 - -3 - 3)) + 24?
18
-1 + 8 - (9 - (1 - (-6 + 13)))
-8
Evaluate 16 + -20 + -16 + 3.
-17
What is (-18 + 16 - -12) + (-1 - -8)?
17
Calculate -21 + 15 + -3 + 13.
4
Calculate -10 - (-2 - (-5 + 16 + 12)).
15
What is -9 - (-11 - (3 - 14))?
-9
Evaluate 7 - (14 + -16 + -1 + -1).
11
What is the value of (17 + -12 - (2 + -1)) + 23 + -22?
5
What is 13 - (-13 + 19 - (-1 + (4 - 1)))?
9
Calculate -8 + 83 + -78 + (-1 - -8).
4
Calculate -7 + 19 + -11 - -9.
10
Evaluate -6 - -3 - (6 + -8 + -5).
4
Calculate -7 + 13 + -4 + 3.
5
Evaluate -22 - (-48 + (-20 - -35)).
11
(8 - (14 + -11)) + (11 - -3)
19
What is the value of (8 + 6 - -8) + -15?
7
Evaluate (-11 - -1) + -3 + (-85 - -80).
-18
Evaluate (-5 - (2 + (7 - 7))) + 8.
1
-24 + (-3 + 19 - 9)
-17
Evaluate -1 - 8 - ((-8 - -18) + -13) - 8.
-14
What is -2 + (8 - 11) + 0 + 3?
-2
What is 2 + -5 + -2 + -56 + 84?
23
4 + (-1 - (-7 - -7)) - (2 + -9)
10
19 + 28 + 0 + -20
27
(-2 - -9) + (-11 - -14 - 33)
-23
Evaluate (-13 - (-5 - -10)) + 30 + 10.
22
Calculate (0 + -2 - 2) + -1 - (29 + -37).
3
What is (-1 - (6 - 5) - (1 - -1)) + -6?
-10
Evaluate 7 + (62 + -66 - (0 - 0)).
3
What is the value of (-14 - -16) + 16 + -1?
17
Evaluate (8 - -8 - 6) + -18.
-8
Calculate -12 + -9 + (-16 - (-38 + 4)).
-3
-7 + -1 + -11 + 19 + -14
-14
4 + -8 + 5 - (6 - (2 + 2))
-1
-7 + -7 + 14 + (12 - 18)
-6
Calculate (4 - 0) + -8 + 0 + -88 + 78.
-14
What is the value of (-23 + -16 - -37) + -10 + (4 - 3)?
-11
What is (0 - 4 - 1) + -28 + 26 + -3?
-10
-2 + (5 + -18 - -4) + 6 + -5
-10
What is the value of (3 - (1 + -4 + -6 + 2)) + -3?
7
-11 + 27 + -7 + -11 + -4
-6
Evaluate -11 + -3 + -6 + (-3 - -7).
-16
Evaluate -17 + -2 - (-840 - -798).
23
Calculate -30 + 32 + (13 - 27).
-12
-1 + 10 + -22 - -2
-11
(-20 - -26 - 10) + -1 - 1
-6
What is the value of -22 + -27 + 57 - (0 + 19)?
-11
Calculate 1 + 1 + (10 - 2 - 15) + 1.
-4
-9 - -1 - (-57 - -31)
18
Calculate -3 + 13 - (3 + 3 + 7).
-3
Evaluate (0 - 20) + (-18 - -24 - 16) + 14.
-16
Calculate 9 + -5 + -2 - 4.
-2
What is (-1 - 30 - -25) + (1 - -3)?
-2
-38 + 25 - (-9 - -13)
-17
What is the value of 0 - ((22 - -15) + -20)?
-17
What is 10 + 10 + (-19 - -34 - 32)?
3
Evaluate 0 - (6 - -2 - 0) - -6.
-2
Evaluate 7 - (-1 + 26 + (-130 - -117)).
-5
What is the value of 5 + 8 + -9 + 3 + -4 + -1?
2
What is the value of 228 + -252 - (-23 - -1)?
-2
Evaluate (-264 - -252) + 12 + 0.
0
Calculate (33 - (-3 - -21)) + -7.
8
What is the value of (14 + -29 - -25) + -3?
7
What is (14 - 14) + -9 - (15 - 7)?
-17
2920 - 2880 - (50 - -1)
-11
What is the value of -14 + -43 + 29 - -31?
3
What is the value of -78 + 78 + -3 + 0?
-3
1 + 4 - 4 - ((9 - 8) + 11)
-11
What is the value of (10 + -1 - 1) + -14 + -5?
-11
Evaluate 0 - -6 - 12 - (8 + -5 + 1).
-10
Calculate 34 + -72 + 36 + 1 + 0 + -1.
-2
What is the value of -23 + 37 + (-5 - -3 - 4) - 9?
-1
(157 - 147) + (-13 + (-1 - -4) - 3)
-3
Evaluate 14 + -40 + 15 - -17.
6
What is 41 + (-12 - 2) + 16 + -10?
33
What is 1 + -1 - -8 - (1 + 21)?
-14
Evaluate -9 - (-2 + -3 + (-4 - -8)).
-8
Calculate -21 + 5 + 1 + 0 + 3 + -5.
-17
What is -15 + -1 - (-14 - (4 - 24))?
-22
What is -22 + -11 + -6 + -19 + 39?
-19
What is the value of -1159 - -1162 - (-23 + (2 - 0))?
24
Calculate -5 + (-3 + -7 - 5) + 7 + -7.
-20
Calculate 5 - (10 + (6 - 6)).
-5
Calculate (1 + (6 - 8) + 22 - 3) + -5.
13
What is the value of 51 + -51 + (4 - 4) + -11 + 0?
-11
-7 + (-5 - (-20 - 3)) + 1
12
What is the value of 0 - (-9 - (-2 - (-2 + (1 - -9))))?
-1
What is (-22 - (-41 + 9)) + 0 + -1?
9
Evaluate 9 + -23 + 17 + 17.
20
What is 1 + -1 + 3 - (364 - 362)?
1
Calculate 5 + (-3 - -2 - (27 - 27)).
4
Calculate -11 + 15 - (-8 - -2) - (-9 - -13).
6
What is the value of 4 - (-13 + 4 + -11)?
24
Calculate 13 + (-17 - -14) + -12.
-2
Calculate 26 + -34 + 7 + 2 - (0 + -1).
2
Calculate 16 + -9 + -3 + 4 + -4.
4
3 - (-1 + 0 - 1 - (-87 + 80))
-2
What is -36 + (5 - (-3 - 11))?
-17
What is (-6 - -1) + 7 + -7 - -2?
-3
What is 17 - 8 - (-10 + (9 - (-8 + 13)))?
15
What is 0 + -14 - (49 - (-58 + 118))?
-3
What is -9 + 12 + (-9 - 3 - -16)?
7
What is 6 - (23 + 14 + -44)?
13
(-5 - -3 - -5) + 4 - (19 + -14)
2
Calculate 13 - (7 + (-13 - -14)).
5
What is 13 - (19 + (21 - 45))?
18
What is the value of (1 - -1) + (-15 - (-14 + 6))?
-5
What is 35 + (-5 - -1) - (-160 - -169)?
22
Calculate -24 - -26 - (-1 + -14 + 1).
16
Calculate 20 + 22 + -28 + -7.
7
Calculate -4 - 4 - (-10 + (-2 - 0)).
4
Evaluate -14 + 6 + -4 - -4.
-8
Evaluate 32 - (-9 + 90 + -29).
-20
Evaluate -9 - (-3 + 0 + 4 + -4 + -8).
2
Calculate 8 + -14 + -1 + 17.
10
What is the value of -2 + 10 + (-8 - 6) + (2 - -2)?
-2
Calculate (0 + -2 - 5 - 0) + -1.
-8
Evaluate (11 - 20) + (5 - (0 + -2 + 5)).
-7
What is -6 - (12 + -17 + -8)?
7
Evaluate -8 - 4 - (-36 - 9 - 3).
36
Calculate (25 - (8 + 29)) + (6 - -1).
-5
What is (71 - 58) + -2 + -6 - (-5 - -1)?
9
What is -4 + (-17 - (-5 + -5))?
-11
7 - (-25 + 23 + 17)
-8
What is -41 + 15 - 2 - 0?
-28
Calculate -13 + 2 + 4 + 10.
3
-6 + -7 + 20 + -16 + -13
-22
What is the value of 2 - (-9 + 15 - (12 - 0)) - -12?
20
Evaluate -2 - ((14 - 20) + (1 - 12)).
15
What is (-1 - -3) + -4 - -5 - (141 + -142)?
4
What is the value of 4 + -4 + -4 - ((-1 - -19) + -1)?
-21
Calculate 2 + -11 + 4 + (-4 - (-6 + 12)).
-15
What is 30 - (69 + -18) - -1?
-20
-11 - (-7 + -3 + 11 - (0 + 0))
-12
What is -11 + (-2 - -18) - 18?
-13
Calculate -7 + (-2 - 4) + 3 + 4.
-6
What is (73 - 66) + (-7 - (-1 - 1))?
2
-11 - -1 - (116 + -130) - (6 + 1)
-3
Evaluate -7 + 16 + (15 - 0 - 8).
16
What is 7 - (0 + (23 - -2)) - (1 + -1)?
-18
Calculate (-17 - -6) + 3 - -12.
4
Calculate (6 - (-5 + 8)) + 3 + -6.
0
Calculate 13 + 0 + -12 + 7 + -10 + -1.
-3
What is the value of -19 + 28 + -21 + 9?
-3
What is -76 + 98 - (1 - -9)?
12
(-7 - -41) + (-135 - -73)
-28
Evaluate -1 + 19 + -10 + -43 + 57.
22
What is the value of (-9 - (8 + -16)) + -4 + 9 - 6?
-2
Calculate -48 + (-3 - -33) - 3.
-21
What is 25 - (8 + 33 - 7)?
-9
What is (39 - 38) + (22 - (5 - 2)) - 4?
16
Evaluate -15 + 1 + (297 - 272).
11
Evaluate 21 - (26 - (-8 + 5)).
-8
Evaluate 0 + 17 - (7 - -3).
7
What is 4 + (14 - (15 - 16)) - (-1 - -9)?
11
Evaluate 2 + 15 + (-38 - -29).
8
Calculate -7 + -32 - (-103 + 85).
-21
Evaluate 79 + -80 - (-1 - 4 - -37).
-33
Calculate 7 - -8 - ((7 - 9) + (0 - 1)).
18
-2 + -11 + (4 - 1) + -2
-12
What is the value of 1 + -9 - -8 - 24?
-24
What is (1 + -4 - (17 - 11 - 1)) + 10?
2
Evaluate -9 - (-3 + 6 + -3 + (2 - 3)).
-8
What is the value of 9 - (-8 - (-6 + -4))?
7
What is 2 + -19 - (-32 + 10)?
5
(-26 - -8 - -10 - -10) + 14
16
What is the value of 4 + (-11 - 4) + 13?
2
-12 + (-29 - (-25 + -3))
-13
-1 + -4 - (-182 + 182)
-5
36 - (0 + (1 - -27))
8
What is 11 - (2 - -6) - (22 - 9)?
-10
-3 + -20 + 4 - ((-18 - -1) + 17)
-19
What is the value of -6 - (0 + 1 + 6 - (40 + 3))?
30
Evaluate 15 + (-26 - 3) - -24.
10
What is -25 + -4 + (9 - -14)?
-6
Evaluate 2 + (64 - 70) + (1 - -8).
5
Calculate -66 + 86 - (1 - 3).
22
What is the value of 1 + (1 - (-15 - -23))?
-6
-58 - -28 - -48 - 10
8
-2 - ((1 - -1) + (-9 - (14 + -8)))
11
What is the value of 4 - (-2 - -5) - (-3 - -3 - -4)?
-3
Calculate 7 - (-12 + 5 - -2).
12
53 + -26 + (-38 - -24)
13
(3 - ((13 - 3) + -41)) + -16
18
What is the value of -1 - 0 - ((67 - 38) + -41)?
11
Calculate 10 - (7 - (-5 + 16) - -12).
2
Calculate 13 + (10 + -11 - 20).
-8
Evaluate 1 + 1 + (7 - 12) + -131 + 127.
-7
Calculate (31 - 39) + (-3 + 4 - 4 - -33).
22
(7 - 0) + 